{"id":167,"date":"2017-04-18T15:27:31","date_gmt":"2017-04-18T15:27:31","guid":{"rendered":"http:\/\/www.tiempomedico.com.ar\/wordpress\/?page_id=167"},"modified":"2017-04-28T23:33:38","modified_gmt":"2017-04-28T23:33:38","slug":"planes","status":"publish","type":"page","link":"https:\/\/www.tiempomedico.com.ar\/wordpress\/index.php\/planes\/","title":{"rendered":"Planes"},"content":{"rendered":"<table border=\"0\" width=\"96%\" cellspacing=\"0\" cellpadding=\"0\" align=\"center\">\n<tbody>\n<tr>\n<td class=\"supertitulo\" height=\"27\"><strong>NUESTROS PLANES<\/strong><\/td>\n<\/tr>\n<tr>\n<td height=\"55\">\n<p class=\"texto\">Nuestra Mision es ofrecer un servicio m\u00e9dico eficiente con tecnolog\u00eda de avanzada y Humanismo M\u00e9dico.<\/p>\n<h2 class=\"texto\"><em><strong>TIEMPO PICASSO<\/strong><\/em><\/h2>\n<p class=\"texto\">Tiempo PICASSO: el mismo cuenta con SERVICIO A DOMICILIO sin cargo (Exclusivo con S.O.S Emergencias): consultas a domicilio de EMERGENCIAS SIN CARGO en unidades de terapia intensiva y coronaria m\u00f3vil (C\u00f3digo ROJO), consultas a domicilio de URGENCIAS SIN CARGO (C\u00f3digo amarillo), consultas M\u00e9dicas a domicilio SIN CARGO (C\u00f3digo verde para adultos \/ celeste en pediatr\u00eda), atenci\u00f3n ODONTOLOGICA a domicilio SIN CARGO por URGENCIAS odontol\u00f3gicas solamente, hogar protegido consultas de urgencias y emergencias, auto protegido consultas de urgencias y emergencias, traslados en ambulancia SIN CARGO; y 1 (uno) estudio no invasivo del estr\u00e9s oxidativo SIN CARGO cada 3 meses en nuestros consultorios en Av. Jos\u00e9 Mar\u00eda Moreno 395, Caballito, CABA.<\/p>\n<p class=\"texto\"><a class=\"verficha\" href=\"mailto:info@tiempomedico.com.ar\">Consultar por \u00e9ste plan<\/a><\/p>\n<p class=\"texto\">&#8230;&#8230;&#8230;&#8230;&#8230;&#8230;&#8230;&#8230;&#8230;&#8230;&#8230;&#8230;&#8230;&#8230;&#8230;&#8230;&#8230;&#8230;&#8230;&#8230;&#8230;&#8230;&#8230;&#8230;&#8230;&#8230;&#8230;&#8230;&#8230;&#8230;&#8230;&#8230;&#8230;..<\/p>\n<h2 class=\"texto\"><em><strong><span class=\"supertitulo\">TIEMPO NATURAL<\/span><\/strong><\/em><\/h2>\n<p>Tiempo NATURAL: el mismo incluye todo lo detallado en el Plan Tiempo PICASSO y se agregan CONSULTAS sin cargo de Cl\u00ednica M\u00e9dica, Cardiolog\u00eda y Medicina Familiar: en consultorios de TIEMPO MEDICO Medicina Privada y con Especialidades M\u00e9dicas (con previa derivaci\u00f3n de Cl\u00ednica M\u00e9dica o Medicina Familiar, de uno de nuestros profesionales que atienden en Av. Jos\u00e9 Mar\u00eda Moreno 395).<\/p>\n<p class=\"texto\"><a class=\"verficha\" href=\"mailto:info@tiempomedico.com.ar\">Consultar por \u00e9ste plan<\/a><\/p>\n<p class=\"texto\">&#8230;&#8230;&#8230;&#8230;&#8230;&#8230;&#8230;&#8230;&#8230;&#8230;&#8230;&#8230;&#8230;&#8230;&#8230;&#8230;&#8230;&#8230;&#8230;&#8230;&#8230;&#8230;&#8230;&#8230;&#8230;&#8230;&#8230;&#8230;&#8230;&#8230;&#8230;&#8230;&#8230;..<\/p>\n<h2><b><i>TIEMPO CERVANTES<\/i><\/b><\/h2>\n<p>A partir del Tercer Plan (Tiempo CERVANTES), todos incluyen lo detallado en el Plan Tiempo Natural y consultas en consultorios m\u00e9dicos de todas las especialidades SIN CARGO, 10 sesiones de psicolog\u00eda SIN CARGO por a\u00f1o, 10 sesiones de kinesiolog\u00eda SIN CARGO por a\u00f1o, 10 consultas con nutricionistas SIN CARGO por a\u00f1o, estudios diagn\u00f3sticos SIN CARGO (Electrocardiograma, Electroencefalograma, Radiolog\u00eda, Ecograf\u00eda, Tomograf\u00eda computada sin cargo en TIEMPO GALILEO, Resonancia magn\u00e9tica nucleare sin cargo en TIEMPO GALILEO), Odontolog\u00eda b\u00e1sica SIN CARGO y descuentos en \u00f3pticas.<\/p>\n<p class=\"texto\"><a class=\"verficha\" href=\"mailto:info@tiempomedico.com.ar\">Consultar por \u00e9ste plan<\/a><\/p>\n<p class=\"texto\">&#8230;&#8230;&#8230;&#8230;&#8230;&#8230;&#8230;&#8230;&#8230;&#8230;&#8230;&#8230;&#8230;&#8230;&#8230;&#8230;&#8230;&#8230;&#8230;&#8230;&#8230;&#8230;&#8230;&#8230;&#8230;&#8230;&#8230;&#8230;&#8230;&#8230;&#8230;&#8230;&#8230;.<\/p>\n<\/td>\n<\/tr>\n<\/tbody>\n<\/table>\n<p>Los <span id=\"0.5046654695294952\" class=\"highlight\">planes<\/span> mencionados anteriormente NO CUBREN INTERNACI\u00d3N, MATERNIDAD, CIRUGIA, TRATAMIENTOS ONCOLOGICOS NI DROGAS DE ALTO COSTO Y BAJA INCIDENCIA (ARTICULO 7\u00b0 DE LA LEY N\u00b0 26682 INCISO c) SUPERINTENDENCIA DE SERVICIOS DE SALUD: Tel. 0800 222 72583<\/p>\n","protected":false},"excerpt":{"rendered":"<p>NUESTROS PLANES Nuestra Mision es ofrecer un servicio m\u00e9dico eficiente con tecnolog\u00eda de avanzada y Humanismo M\u00e9dico. TIEMPO PICASSO Tiempo PICASSO: el mismo cuenta con SERVICIO A DOMICILIO sin cargo (Exclusivo con S.O.S Emergencias): consultas a domicilio de EMERGENCIAS SIN CARGO en unidades de terapia intensiva y coronaria m\u00f3vil (C\u00f3digo ROJO), consultas a domicilio de &hellip; <\/p>\n<p class=\"link-more\"><a href=\"https:\/\/www.tiempomedico.com.ar\/wordpress\/index.php\/planes\/\" class=\"more-link\">Continuar leyendo<span class=\"screen-reader-text\"> \u00abPlanes\u00bb<\/span><\/a><\/p>\n","protected":false},"author":1,"featured_media":0,"parent":0,"menu_order":0,"comment_status":"closed","ping_status":"closed","template":"","meta":{"footnotes":""},"_links":{"self":[{"href":"https:\/\/www.tiempomedico.com.ar\/wordpress\/index.php\/wp-json\/wp\/v2\/pages\/167"}],"collection":[{"href":"https:\/\/www.tiempomedico.com.ar\/wordpress\/index.php\/wp-json\/wp\/v2\/pages"}],"about":[{"href":"https:\/\/www.tiempomedico.com.ar\/wordpress\/index.php\/wp-json\/wp\/v2\/types\/page"}],"author":[{"embeddable":true,"href":"https:\/\/www.tiempomedico.com.ar\/wordpress\/index.php\/wp-json\/wp\/v2\/users\/1"}],"replies":[{"embeddable":true,"href":"https:\/\/www.tiempomedico.com.ar\/wordpress\/index.php\/wp-json\/wp\/v2\/comments?post=167"}],"version-history":[{"count":5,"href":"https:\/\/www.tiempomedico.com.ar\/wordpress\/index.php\/wp-json\/wp\/v2\/pages\/167\/revisions"}],"predecessor-version":[{"id":194,"href":"https:\/\/www.tiempomedico.com.ar\/wordpress\/index.php\/wp-json\/wp\/v2\/pages\/167\/revisions\/194"}],"wp:attachment":[{"href":"https:\/\/www.tiempomedico.com.ar\/wordpress\/index.php\/wp-json\/wp\/v2\/media?parent=167"}],"curies":[{"name":"wp","href":"https:\/\/api.w.org\/{rel}","templated":true}]}}