{"id":34,"date":"2017-04-10T00:18:22","date_gmt":"2017-04-10T00:18:22","guid":{"rendered":"http:\/\/www.tiempomedico.com.ar\/wordpress\/?page_id=34"},"modified":"2017-04-13T18:11:45","modified_gmt":"2017-04-13T18:11:45","slug":"inicio","status":"publish","type":"page","link":"https:\/\/www.tiempomedico.com.ar\/wordpress\/","title":{"rendered":"Inicio"},"content":{"rendered":"<h1><strong><span class=\"supertitulo\">En Tiempo M\u00e9dico<\/span><\/strong><\/h1>\n<p class=\"texto\">Ofrecemos un servicio eficiente con tecnolog\u00eda de avanzada y humanismo m\u00e9dico.<\/p>\n<p class=\"texto\">Nos esforzamos por ser una empresa l\u00edder en servicios para la salud brind\u00e1ndoles a cada uno de nuestros asociados un plan acorde a sus necesidades.<\/p>\n","protected":false},"excerpt":{"rendered":"<p>En Tiempo M\u00e9dico Ofrecemos un servicio eficiente con tecnolog\u00eda de avanzada y humanismo m\u00e9dico. Nos esforzamos por ser una empresa l\u00edder en servicios para la salud brind\u00e1ndoles a cada uno de nuestros asociados un plan acorde a sus necesidades.<\/p>\n","protected":false},"author":1,"featured_media":0,"parent":0,"menu_order":0,"comment_status":"closed","ping_status":"closed","template":"","meta":{"footnotes":""},"_links":{"self":[{"href":"https:\/\/www.tiempomedico.com.ar\/wordpress\/index.php\/wp-json\/wp\/v2\/pages\/34"}],"collection":[{"href":"https:\/\/www.tiempomedico.com.ar\/wordpress\/index.php\/wp-json\/wp\/v2\/pages"}],"about":[{"href":"https:\/\/www.tiempomedico.com.ar\/wordpress\/index.php\/wp-json\/wp\/v2\/types\/page"}],"author":[{"embeddable":true,"href":"https:\/\/www.tiempomedico.com.ar\/wordpress\/index.php\/wp-json\/wp\/v2\/users\/1"}],"replies":[{"embeddable":true,"href":"https:\/\/www.tiempomedico.com.ar\/wordpress\/index.php\/wp-json\/wp\/v2\/comments?post=34"}],"version-history":[{"count":2,"href":"https:\/\/www.tiempomedico.com.ar\/wordpress\/index.php\/wp-json\/wp\/v2\/pages\/34\/revisions"}],"predecessor-version":[{"id":109,"href":"https:\/\/www.tiempomedico.com.ar\/wordpress\/index.php\/wp-json\/wp\/v2\/pages\/34\/revisions\/109"}],"wp:attachment":[{"href":"https:\/\/www.tiempomedico.com.ar\/wordpress\/index.php\/wp-json\/wp\/v2\/media?parent=34"}],"curies":[{"name":"wp","href":"https:\/\/api.w.org\/{rel}","templated":true}]}}