{"id":35,"date":"2017-04-10T00:18:22","date_gmt":"2017-04-10T00:18:22","guid":{"rendered":"http:\/\/www.tiempomedico.com.ar\/wordpress\/?page_id=35"},"modified":"2017-04-18T17:08:40","modified_gmt":"2017-04-18T17:08:40","slug":"acerca-de","status":"publish","type":"page","link":"https:\/\/www.tiempomedico.com.ar\/wordpress\/index.php\/acerca-de\/","title":{"rendered":"Quienes Somos"},"content":{"rendered":"<p>En TIEMPO MEDICO somos una familia de m\u00e9dicos que a finales de la d\u00e9cada de los 80 decidimos crear una empresa de salud con humanismo y tecnolog\u00eda de diagn\u00f3stico innovadora y no invasiva.<\/p>\n<p>Mas all\u00e1 de ofrecer una medicina asistencial convencional para hacer frente a la enfermedad, tenemos herramientas de avanzada tecnolog\u00eda que nos permiten diagnosticar en forma precoz y no invasiva las enfermedades cr\u00f3nicas no transmisibles , como cardiovasculares, diabetes, neurodegenerativas y c\u00e1ncer.<\/p>\n<p><strong>\u00abMas vale prevenir que curar\u00bb\u00a0<\/strong><\/p>\n<p>Dr. Ign\u00e1c Semmelweis &#8211; M\u00e9dico h\u00fangaro de origen alem\u00e1n que hoy es reconocido como el creador de los procedimientos antis\u00e9pticos.\u00a0<span class=\"_Xbe kno-fv\"><span class=\"_Xbe kno-fv\">1 de julio de 1818 \u00a0Buda, \u00a0Hungr\u00eda &#8211;\u00a0<\/span><\/span>13 de agosto de 1865 Viena, Austria.<\/p>\n<div class=\"mod\" data-md=\"1001\" data-hveid=\"167\" data-ved=\"0ahUKEwj6p7f-z6zTAhVBDJAKHfgZC4QQkCkIpwEoBDAW\"><\/div>\n<p>&nbsp;<\/p>\n<p>&nbsp;<\/p>\n<p>&nbsp;<\/p>\n","protected":false},"excerpt":{"rendered":"<p>En TIEMPO MEDICO somos una familia de m\u00e9dicos que a finales de la d\u00e9cada de los 80 decidimos crear una empresa de salud con humanismo y tecnolog\u00eda de diagn\u00f3stico innovadora y no invasiva. Mas all\u00e1 de ofrecer una medicina asistencial convencional para hacer frente a la enfermedad, tenemos herramientas de avanzada tecnolog\u00eda que nos permiten &hellip; <\/p>\n<p class=\"link-more\"><a href=\"https:\/\/www.tiempomedico.com.ar\/wordpress\/index.php\/acerca-de\/\" class=\"more-link\">Continuar leyendo<span class=\"screen-reader-text\"> \u00abQuienes Somos\u00bb<\/span><\/a><\/p>\n","protected":false},"author":1,"featured_media":177,"parent":0,"menu_order":0,"comment_status":"closed","ping_status":"closed","template":"","meta":{"footnotes":""},"_links":{"self":[{"href":"https:\/\/www.tiempomedico.com.ar\/wordpress\/index.php\/wp-json\/wp\/v2\/pages\/35"}],"collection":[{"href":"https:\/\/www.tiempomedico.com.ar\/wordpress\/index.php\/wp-json\/wp\/v2\/pages"}],"about":[{"href":"https:\/\/www.tiempomedico.com.ar\/wordpress\/index.php\/wp-json\/wp\/v2\/types\/page"}],"author":[{"embeddable":true,"href":"https:\/\/www.tiempomedico.com.ar\/wordpress\/index.php\/wp-json\/wp\/v2\/users\/1"}],"replies":[{"embeddable":true,"href":"https:\/\/www.tiempomedico.com.ar\/wordpress\/index.php\/wp-json\/wp\/v2\/comments?post=35"}],"version-history":[{"count":7,"href":"https:\/\/www.tiempomedico.com.ar\/wordpress\/index.php\/wp-json\/wp\/v2\/pages\/35\/revisions"}],"predecessor-version":[{"id":146,"href":"https:\/\/www.tiempomedico.com.ar\/wordpress\/index.php\/wp-json\/wp\/v2\/pages\/35\/revisions\/146"}],"wp:featuredmedia":[{"embeddable":true,"href":"https:\/\/www.tiempomedico.com.ar\/wordpress\/index.php\/wp-json\/wp\/v2\/media\/177"}],"wp:attachment":[{"href":"https:\/\/www.tiempomedico.com.ar\/wordpress\/index.php\/wp-json\/wp\/v2\/media?parent=35"}],"curies":[{"name":"wp","href":"https:\/\/api.w.org\/{rel}","templated":true}]}}